20?
5060
Calculate the highest common divisor of 19877 and 10302721.
143
What is the highest common divisor of 99086224 and 158?
158
Calculate the highest common factor of 231 and 405363035.
77
What is the highest common factor of 63296423 and 51?
17
What is the highest common divisor of 19956 and 4515?
3
Calculate the greatest common divisor of 45 and 1105729155.
45
What is the greatest common factor of 1246302817 and 23?
23
Calculate the greatest common factor of 2223 and 4633929.
171
What is the greatest common factor of 945400 and 34480?
40
Calculate the highest common factor of 81 and 1164321.
27
Calculate the highest common divisor of 107464 and 454601.
707
Calculate the greatest common divisor of 259924326 and 1086.
1086
What is the greatest common divisor of 57538 and 208?
26
Calculate the highest common divisor of 246 and 889806.
6
Calculate the highest common factor of 40 and 202108925.
5
Calculate the highest common divisor of 4566142 and 14.
14
Calculate the greatest common factor of 37 and 385683745.
37
Calculate the greatest common factor of 28192029 and 9595.
1919
Calculate the highest common factor of 4342040 and 14600.
2920
Calculate the highest common divisor of 41860423 and 349943.
12067
What is the highest common factor of 36 and 6837564?
12
What is the greatest common divisor of 80 and 90238840?
40
Calculate the greatest common factor of 62822509 and 1990.
199
What is the greatest common divisor of 3801 and 47648069?
1267
Calculate the greatest common divisor of 1168542 and 504.
18
What is the highest common divisor of 216832 and 1085392?
1232
What is the highest common factor of 3886 and 695058?
134
Calculate the highest common divisor of 15480 and 6293880.
360
Calculate the greatest common factor of 59171340 and 30.
30
What is the greatest common factor of 83 and 554723943?
83
Calculate the highest common divisor of 126 and 31722966.
18
What is the greatest common factor of 728 and 364924?
28
What is the greatest common divisor of 1759081 and 2701?
73
Calculate the highest common factor of 64232 and 325304.
2072
What is the greatest common divisor of 2580 and 13458?
6
What is the greatest common factor of 4415 and 24228637?
883
What is the highest common factor of 78 and 66002586?
78
What is the highest common factor of 55528 and 240?
8
Calculate the greatest common factor of 2914 and 297120182.
2914
Calculate the highest common factor of 16601640 and 300.
60
What is the highest common divisor of 925 and 6848700?
925
What is the greatest common divisor of 903466 and 57942?
2146
Calculate the highest common divisor of 179 and 39485431.
179
What is the highest common factor of 97066856 and 6445?
1289
What is the greatest common factor of 7909292 and 4?
4
What is the greatest common factor of 176400 and 567126?
882
What is the greatest common factor of 38179344 and 132?
12
What is the highest common divisor of 25839849 and 14?
7
Calculate the greatest common divisor of 4712 and 5404199.
31
Calculate the highest common divisor of 1348242 and 18186.
42
Calculate the greatest common factor of 87061 and 10374377.
2353
Calculate the highest common factor of 19064885 and 350.
35
Calculate the greatest common divisor of 2787 and 255793647.
2787
Calculate the greatest common factor of 49858305 and 35.
35
What is the greatest common divisor of 3028 and 162114578?
1514
Calculate the highest common factor of 444 and 16810136.
148
What is the highest common divisor of 96702 and 1010259?
213
Calculate the highest common divisor of 38760 and 51952.
136
What is the greatest common divisor of 368 and 4284131616?
368
Calculate the greatest common divisor of 4465 and 65534685.
235
What is the highest common divisor of 30454655 and 11?
11
What is the greatest common divisor of 417 and 9038?
1
What is the greatest common divisor of 104311245 and 615?
15
What is the highest common divisor of 8680 and 4298280?
280
Calculate the greatest common divisor of 4124812 and 85.
17
What is the greatest common factor of 4133538 and 76506?
246
What is the highest common divisor of 391755 and 400309?
91
Calculate the highest common factor of 2254 and 2412221.
49
What is the highest common factor of 28288 and 167989376?
2176
What is the highest common divisor of 1243935 and 819?
63
Calculate the greatest common factor of 1616581536 and 192.
96
What is the highest common divisor of 151291 and 1239?
7
What is the greatest common divisor of 70 and 165507846?
14
Calculate the greatest common divisor of 234346 and 95494.
266
What is the highest common divisor of 7352665 and 1905?
635
Calculate the highest common divisor of 146148 and 6895878.
3846
Calculate the greatest common factor of 179390400 and 5775.
525
Calculate the highest common divisor of 16695 and 158055.
15
What is the greatest common divisor of 2106 and 2157?
3
Calculate the greatest common divisor of 10812 and 8658292.
212
Calculate the greatest common divisor of 6752 and 8792.
8
What is the greatest common divisor of 14414816 and 1456?
208
Calculate the greatest common divisor of 186 and 194637034.
62
What is the highest common divisor of 3950 and 7980422?
158
Calculate the highest common divisor of 4569 and 313383.
3
What is the greatest common factor of 117263076 and 1470?
294
Calculate the highest common divisor of 1794547020 and 24.
12
Calculate the highest common factor of 25 and 20380775.
25
What is the highest common divisor of 22 and 6477647?
11
What is the highest common factor of 14540 and 25600578?
1454
Calculate the greatest common factor of 352 and 2379616.
32
Calculate the highest common divisor of 11894014 and 308374.
2882
What is the highest common factor of 2122 and 35715382?
2122
What is the greatest common factor of 6 and 13062606?
6
Calculate the highest common divisor of 4695482 and 15158.
1166
What is the greatest common factor of 621 and 895367?
23
Calculate the highest common factor of 130329 and 86200566.
4827
What is the highest common factor of 90 and 233635?
5
Calculate the greatest common factor of 33946 and 5286318.
3086
What is the greatest common divisor of 68328232 and 14?
14
Calculate the greatest common factor of 13775073 and 9737.
1391
What is the greatest common factor of 57581 and 2472739?
811
Calculate the highest common divisor of 476 and 1224442.
34
What is the highest common divisor of 101211576 and 15560?
3112
Calculate the greatest common divisor of 1030475 and 27965.
235
What is the highest common divisor of 9100 and 20117552?
364
What is the greatest common divisor of 884 and 186762?
34
Calculate the highest common factor of 4808 and 86024.
8
Calculate the highest common divisor of 2620218 and 898197.
5721
Calculate the greatest common divisor of 32385 and 2421255.
1905
Calculate the greatest common factor of 18584 and 210312.
184
What is the highest common factor of 3786242578 and 7082?
7082
Calculate the greatest common factor of 53603 and 3519192.
443
Calculate the highest common divisor of 3225639 and 2034993.
3891
What is the highest common divisor of 567307 and 2041?
13
What is the greatest common divisor of 20040176 and 1?
1
What is the greatest common factor of 22011 and 25496075?
7337
What is the greatest common divisor of 2811 and 815?
1
What is the greatest common divisor of 5260 and 12888315?
1315
What is the highest common factor of 1354409 and 326417?
1477
What is the greatest common divisor of 103 and 429957020?
103
What is the greatest common factor of 663777 and 1260351?
1179
What is the highest common factor of 58562565 and 341?
31
Calculate the highest common divisor of 187998 and 2364.
6
Calculate the highest common divisor of 1281550 and 167205.
355
Calculate the greatest common factor of 41977661 and 3411.
379
What is the highest common factor of 158720 and 155380?
20
What is the highest common factor of 78584 and 183293?
209
Calculate the greatest common factor of 2459992568 and 176.
88
Calculate the highest common divisor of 17731250 and 8.
2
Calculate the greatest common factor of 1 and 2097671.
1
What is the greatest common factor of 1832 and 458530364?
916
What is the greatest common factor of 14 and 192942337?
7
Calculate the greatest common divisor of 41340546 and 369.
369
What is the highest common factor of 10540 and